h) = -h**3 + 356*h**2 + 68745*h + 29707. Determine s(495).
7
Let f(s) = -90*s - 1813. Give f(-20).
-13
Let n(o) = -430*o**2 - 3041*o - 5295. Determine n(-4).
-11
Let r(u) = -2*u**2 + 11531*u + 336056. Determine r(-29).
-25
Let k(b) = 18147*b - 7930242. Determine k(437).
-3
Let s(q) = 4361*q - 1199303. What is s(275)?
-28
Let r(a) = -a**3 - 20*a**2 - 178*a - 1900. Determine r(-16).
-76
Let s(v) = -8704*v + 152. What is s(0)?
152
Let x(t) = -4*t**2 + 1038*t - 6102. Calculate x(6).
-18
Let k(h) = 12*h**2 - 69*h - 497. Give k(10).
13
Let f(p) = p**3 + 171*p**2 + 740*p + 67935. Calculate f(-169).
-3
Let p(b) = -5605*b - 89720. What is p(-16)?
-40
Let l(u) = 40823*u + 35230247. Determine l(-863).
-2
Let d(q) = -2*q**3 - 13*q**2 - 94*q - 946. Determine d(-8).
-2
Let y(h) = -960*h - 5603. Give y(-5).
-803
Let j(o) = 4*o**3 + 171*o**2 - 370*o - 504. Determine j(-45).
-2079
Let v(m) = -3955*m - 11853. What is v(-3)?
12
Let k(g) = -51325*g - 1796370. Give k(-35).
5
Let s(i) = -2*i**3 + 13*i**2 + 315*i - 1625. Give s(5).
25
Let q(j) = -2*j**3 - 178*j**2 + 940*j + 31. What is q(-94)?
31
Let b(x) = -16*x**3 + 49*x**2 + 327*x - 95. Give b(-6).
3163
Let b(u) = 25*u**2 - 101*u - 1146. Give b(7).
-628
Let x(b) = 4309*b - 32372. What is x(8)?
2100
Let j(g) = g**2 + 3154*g - 102131. Calculate j(32).
-179
Let l(h) = -11120*h - 44363. Calculate l(-4).
117
Let x(w) = 7*w**3 - 123*w**2 + 16*w + 104. Determine x(16).
-2456
Let k(s) = -4559*s**2 - 145866*s + 707. What is k(-32)?
3
Let h(o) = o**3 - 58*o**2 + 831*o - 102. Determine h(25).
48
Let n(r) = r**2 + 91*r - 19569. Calculate n(-193).
117
Let w(q) = -7*q**2 + 10400*q - 51831. Determine w(5).
-6
Let y(t) = 5*t**3 + 67*t**2 + 3*t + 66. Determine y(-15).
-1779
Let u(y) = -y**3 - 9*y**2 - 6*y + 58. Calculate u(-5).
-12
Let s(b) = -b**3 - 116*b**2 + 438*b + 23642. Calculate s(-118).
-194
Let c(x) = -8*x**3 + 168*x**2 + 51*x - 85. Calculate c(21).
986
Let u(r) = -r**3 + 15*r**2 + 24*r + 41. Give u(-9).
1769
Let t(i) = i**3 - 62*i**2 - 17*i + 2150. Determine t(60).
-6070
Let s(d) = 1233578*d - 18503671. Give s(15).
-1
Let c(n) = n**3 + 75*n**2 - 30*n + 4234. Determine c(-76).
738
Let j(b) = 14*b**2 - 60*b - 514. What is j(-6)?
350
Let x(h) = h**3 - 75*h**2 + 805*h + 6. Give x(12).
594
Let x(j) = -641*j + 2348. Give x(5).
-857
Let y(c) = 449*c + 7228. Determine y(-15).
493
Let s(z) = 20*z**2 - 899*z - 34. What is s(45)?
11
Let g(w) = 3905*w + 35178. Calculate g(-9).
33
Let t(g) = 2*g**2 + 1638*g - 327011. What is t(166)?
9
Let o(l) = l**3 + 40*l**2 + 37*l + 5121. What is o(-42)?
39
Let n(p) = p**3 + 12*p**2 - 1111*p + 338. What is n(-40)?
-22
Let s(r) = 381081*r - 1143075. Calculate s(3).
168
Let k(q) = 1910*q + 66937. Give k(-35).
87
Let w(g) = -1130*g**3 - 5*g**2 - 32*g + 3. What is w(0)?
3
Let w(k) = -45*k + 1065. Calculate w(54).
-1365
Let f(b) = b**3 - 13*b**2 - 64*b + 514. Give f(13).
-318
Let w(y) = -y**3 - 15*y**2 + 15*y - 70. What is w(9)?
-1879
Let l(c) = -49*c**3 - 539*c**2 - 19*c - 208. What is l(-11)?
1
Let s(h) = 2357*h - 68599. Calculate s(29).
-246
Let y(i) = -16*i**2 - 4116*i + 3168. Determine y(-258).
72
Let m(i) = i**2 - 248417*i - 3726499. Give m(-15).
-19
Let n(t) = 298*t**2 - 596*t + 7. What is n(2)?
7
Let c(k) = -220*k**2 + 39*k - 196. Give c(5).
-5501
Let f(b) = b**2 - 664*b + 8423. Calculate f(13).
-40
Let a(z) = 35499*z - 319479. Give a(9).
12
Let z(n) = -3*n**3 + 128*n**2 - 218*n + 227. Give z(41).
-306
Let i(y) = 16*y**3 + 2949*y**2 + 937*y + 3139. Determine i(-184).
11
Let x(r) = -454*r**3 + 4*r**2 - 233*r - 238. Determine x(-1).
453
Let t(r) = -1496*r - 14965. Give t(-10).
-5
Let k(r) = 2*r**3 + 188*r**2 - 381*r - 52774. What is k(-93)?
-43
Let j(l) = 22*l**3 - 4*l**2 - 3712*l - 7429. What is j(-2)?
-197
Let c(t) = -215*t - 25820. Give c(-120).
-20
Let u(h) = -175*h - 9150. Calculate u(-52).
-50
Let f(g) = -g**3 + 3*g**2 - 203*g + 3813. Give f(18).
-4701
Let y(j) = -j**3 - 12*j**2 + 350*j + 2923. Determine y(-8).
-133
Let x(l) = -l**3 - 10*l**2 + 116*l + 559. Determine x(9).
64
Let n(m) = 33139*m - 298307. Determine n(9).
-56
Let m(i) = i**3 + 14*i**2 - 912*i + 5748. Give m(8).
-140
Let h(x) = -12663*x + 266236. Give h(21).
313
Let o(b) = b**3 + 2*b**2 - 575*b - 19. What is o(0)?
-19
Let s(g) = -g**3 + 103*g**2 - 176*g + 17532. What is s(103)?
-596
Let w(q) = q**3 + 28*q**2 + 93*q + 43. Calculate w(-22).
901
Let k(p) = -p**3 + 3*p**2 + 143*p + 273. Calculate k(-10).
143
Let v(s) = -6800*s + 9646. Calculate v(1).
2846
Let u(l) = -2*l**2 - 368*l + 4883. Give u(-193).
1409
Let q(t) = 100*t**3 + 3*t**2 - 2857*t + 2855. Determine q(1).
101
Let m(k) = k**3 + 14*k**2 + 137*k + 859. Give m(-6).
325
Let y(b) = b**3 - 19*b**2 - 2677*b + 22119. Calculate y(8).
-1
Let z(l) = -141*l**2 - 220*l + 15. Calculate z(-2).
-109
Let d(j) = 4*j**2 - 45*j + 230. Determine d(10).
180
Let d(u) = 742*u - 15513. Determine d(21).
69
Let d(g) = 12*g**2 + 1263*g + 90. Give d(-106).
1044
Let g(x) = -2*x**3 + 212*x**2 - 2155*x - 1210. Calculate g(12).
2
Let r(g) = -13398*g + 509119. What is r(38)?
-5
Let z(f) = -f**2 - 90*f - 1396. Determine z(-61).
373
Let k(y) = -72*y**2 - 624*y + 108. Calculate k(-9).
-108
Let r(k) = 2*k**3 - 281*k**2 + 148*k - 1000. Determine r(140).
120
Let c(o) = -3*o**2 + 262*o - 1203. Determine c(82).
109
Let o(s) = 10*s**2 + 36*s + 511. Give o(-12).
1519
Let r(u) = -17*u**3 + 206*u**2 + 478*u - 418. Determine r(14).
2
Let b(a) = 25*a**3 + 445*a**2 + 720*a - 7. What is b(-16)?
-7
Let y(g) = -157*g + 654. Determine y(-2).
968
Let y(f) = -80*f**2 - 185364*f - 9268. Give y(-2317).
0
Let j(f) = 156*f + 4640. Calculate j(-38).
-1288
Let j(b) = -2*b**3 - 553*b**2 + 1402*b + 1970. Give j(-279).
17
Let i(a) = 1056*a - 22268. What is i(21)?
-92
Let l(x) = 2*x**3 - 275*x**2 - 1015*x + 3927. Calculate l(141).
-21
Let a(y) = 10865*y - 630110. What is a(58)?
60
Let h(x) = -8*x**2 - 1314*x - 4201. Calculate h(-161).
-15
Let o(y) = 2*y**3 - 113*y**2 + 264*y + 346. Determine o(54).
22
Let v(b) = -22*b**2 + 2518*b - 1126. Give v(114).
14
Let f(y) = y**2 + 672*y - 43918. Give f(60).
2
Let y(o) = o**3 - 30*o**2 + 97*o + 300. Give y(9).
-528
Let y(a) = 151*a + 1716. Calculate y(-9).
357
Let c(t) = 21797*t - 152816. Determine c(7).
-237
Let d(i) = 2*i**3 - 335*i**2 - 472*i + 51050. Give d(168).
-22
Let g(f) = f**2 + 610*f - 17874. Give g(28).
-10
Let y(v) = -2*v**3 + 196*v**2 - 951*v + 93197. Determine y(98).
-1
Let g(s) = 2*s**2 - 30*s - 372. Give g(-12).
276
Let l(b) = -b**3 - 81*b**2 - 1301*b - 178. Give l(-59).
-1
Let y(m) = 580*m**2 + 163557*m - 839. Determine y(-282).
7
Let b(f) = 5*f**3 + 222*f**2 - 3395*f + 150. Calculate b(12).
18
Let f(i) = 244*i**2 - 10744*i + 359. Give f(44).
7
Let h(y) = 25*y**2 + 752*y - 1532. Give h(2).
72
Let u(p) = 5*p**2 - 28647*p - 258233. Calculate u(-9).
-5
Let g(n) = 75*n**3 + 2*n**2 + 210*n + 211. Give g(-1).
-72
Let u(w) = 3502*w + 133628. What is u(-38)?
552
Let w(p) = -21298*p - 149061. Calculate w(-7).
25
Let h(g) = 4*g**3 - 30*g**2 - 230*g + 1889. What is h(5)?
489
Let n(l) = 5389*l - 587036. Calculate n(109).
365
Let b(w) = -w**3 + 81*w**2 - 1057*w + 7974. Give b(67).
1
Let o(s) = 5961*s + 47040. What is o(-8)?
-648
Let q(g) = 40*g + 2508. Calculate q(-27).
1428
Let k(s) = -33156*s - 663147. Determine k(-20).
-27
Let k(y) = -73*y**2 + 5316*y - 23938. Give k(68).
-2
Let m(f) = -23*f**3 - 63*f**2 + 209*f + 6. Give m(2).
-12
Let l(z) = z**3 + 833*z**2 + 156442*z - 4. Give l(-547).
-4
Let l(y) = 2*y**2 - 130*y - 11463. Calculate l(-59).
3169
Let u(v) = 4*v**3 + 2*v**2 - 595*v - 94. Give u(12).
-34
Let o(i) = 5*i**2 + 28*i + 223. Give o(-7).
272
Let o(k) = -3037*k + 9103. Determine o(3).
-8
Let d(r) = -68*r**2 + 694*r - 140. Give d(10).
0
Let y(o) = -32812*o**2 + 328119*o + 8. Calculate y(10).
-2
Let k(z) = -138*z**2 - 497*z + 6819. Determine k(-9).
114
Let k(n) = n**3 + 88*n**2 - 133*n - 3919. What is k(-89)?
-3
Let b(w) = 49605*w - 496114. Determine b(10).
-64
Let d(r) = -16*r**3 + r**2 + 57*r + 50. What is d(-1)?
10
Let f(m) = -34071*m + 272562. Give f(8).
-6
Let t(c) = -1983*c - 229. Determine t(0).
-229
Let q(s) = 3*s**3 - 68*s**2 - 220*s + 4514. Give q(23).
-17
Let x(r) = -90*r**2 - 210*r + 213. Calculate x(-3).
33
Let h(u) = -u**3 - 99*u**2 - 64*u + 910. What is h(-9